lculate i(-3).
975
Let v(x) = 345*x**2 + 1384*x + 10. What is v(-4)?
-6
Let m(t) = 372*t - 1505. What is m(4)?
-17
Let f(i) = -3*i**3 - 25*i**2 - 10*i + 56. What is f(-8)?
72
Let a(p) = -2*p - 30. Give a(-10).
-10
Let b(c) = c**3 + 521*c**2 + 7593*c + 1513. Give b(-506).
-5
Let q(o) = -19*o + 120. Determine q(8).
-32
Let f(h) = -h**3 - h**2 + 3*h + 33. Calculate f(-4).
69
Let n(r) = -6*r**2 + 17*r + 18. What is n(4)?
-10
Let r(n) = -n**3 - 14*n**2 - 2*n + 32. Calculate r(-5).
-183
Let y(o) = 902*o - 4520. Calculate y(5).
-10
Let b(k) = 1863*k - 3816. What is b(2)?
-90
Let k(x) = -84*x + 627. Determine k(7).
39
Let f(x) = -8*x**3 - 26*x**2 - 5*x - 6. Calculate f(-3).
-9
Let m(i) = -i**2 + 4*i + 3. What is m(9)?
-42
Let c(b) = -15*b**3 + 16*b**2 - 4*b - 5. Calculate c(-1).
30
Let v(u) = 15*u**2 + 98*u - 179. Determine v(-8).
-3
Let r(t) = t**2 - 41*t - 3387. Determine r(82).
-25
Let k(i) = -i**3 + 14*i**2 + 38*i - 23. Give k(17).
-244
Let f(x) = 320*x - 336. What is f(1)?
-16
Let s(g) = 3*g**3 - 6*g**2 - 8*g + 18. Calculate s(6).
402
Let u(l) = -54*l**2 - 49*l - 4. Calculate u(-1).
-9
Let j(w) = 124*w + 1536. What is j(-14)?
-200
Let k(o) = -2*o**2 + 73*o - 673. Determine k(18).
-7
Let p(m) = -60*m + 199. Calculate p(4).
-41
Let o(l) = 2*l**3 - 90*l**2 - 5*l + 133. Give o(45).
-92
Let u(g) = 3*g**2 + 148*g + 1358. What is u(-37)?
-11
Let c(i) = 253*i + 15942. Calculate c(-63).
3
Let g(o) = -14*o**3 - 5*o - 7. Determine g(3).
-400
Let c(j) = -6*j**2 - 192*j + 39. Calculate c(-32).
39
Let z(q) = q**3 - 31*q**2 + 35*q + 566. What is z(29)?
-101
Let j(b) = 28*b - 236. Give j(9).
16
Let c(f) = 694*f - 34698. Determine c(50).
2
Let h(d) = 11*d - 392. What is h(34)?
-18
Let i(h) = -1506*h - 39162. Calculate i(-26).
-6
Let x(z) = 65*z + 865. Calculate x(-9).
280
Let z(w) = 629*w**3 - 3*w**2 + 4*w - 3. Determine z(1).
627
Let u(a) = 13*a**3 - 5*a**2 + a + 6. Give u(3).
315
Let p(s) = s**3 + 39*s**2 - 37*s + 67. Give p(-40).
-53
Let u(q) = -3*q - 132. Calculate u(0).
-132
Let z(w) = -2*w**3 - 57*w**2 - 28*w - 51. Calculate z(-28).
-51
Let i(p) = 180*p + 498. Calculate i(-3).
-42
Let d(g) = 124*g + 34465. Give d(-278).
-7
Let v(c) = -153*c - 1861. Calculate v(-12).
-25
Let s(g) = g**2 + 28*g - 255. Determine s(7).
-10
Let o(s) = 4*s**2 - 49*s + 82. Determine o(2).
0
Let y(d) = 61*d - 408. What is y(8)?
80
Let j(c) = -86*c - 782. What is j(-8)?
-94
Let s(d) = -14*d**2 + 220*d - 941. Give s(8).
-77
Let d(t) = -t**3 + 24*t**2 - 76*t - 80. Give d(20).
0
Let p(r) = r**3 - 20*r**2 - 20*r - 92. Give p(21).
-71
Let a(y) = -y**3 + 16*y**2 - 4*y + 53. What is a(16)?
-11
Let s(q) = 8*q**3 + 5*q**2 + 16*q - 43. Determine s(3).
266
Let a(q) = -2*q**2 + 30*q - 87. What is a(10)?
13
Let x(b) = 13*b + 62. Give x(-4).
10
Let o(b) = b**3 + 30*b**2 - 21*b - 672. Determine o(-30).
-42
Let q(h) = -118*h - 1152. Determine q(-10).
28
Let f(i) = -28*i**2 - 156*i - 10. Determine f(-5).
70
Let f(x) = 8*x - 344. Determine f(30).
-104
Let k(g) = 3*g**3 + 13*g**2 - 12*g - 51. Calculate k(-3).
21
Let w(h) = -h**3 - 6*h**2 - 26*h + 76. What is w(-7)?
307
Let j(d) = -d**2 - 159*d - 1105. What is j(-7)?
-41
Let o(z) = -65*z - 85. Determine o(-5).
240
Let o(r) = -r**2 - 74*r - 800. Determine o(-61).
-7
Let m(p) = -p**3 - 83*p**2 - 77*p + 341. Determine m(-82).
-69
Let h(p) = -p**2 + 166*p - 2771. Calculate h(147).
22
Let d(r) = -114*r + 1479. What is d(13)?
-3
Let a(z) = 4*z**3 + 16*z**2 + z + 42. Calculate a(-5).
-63
Let s(q) = 7*q - 65. What is s(-34)?
-303
Let i(a) = 12*a**2 + 91*a - 574. Give i(6).
404
Let i(f) = 2*f**2 + 14*f + 60. What is i(-4)?
36
Let g(u) = 2*u**2 + 6*u + 47. What is g(-12)?
263
Let m(c) = -90*c - 2531. Determine m(-28).
-11
Let s(q) = 54*q - 492. Determine s(9).
-6
Let v(p) = p**3 - 23*p**2 + 14*p + 3. Calculate v(22).
-173
Let y(n) = n - 444. Calculate y(25).
-419
Let h(c) = c**3 - 124*c**2 - 789*c + 1145. Give h(130).
-25
Let o(c) = 15*c - 1053. What is o(68)?
-33
Let w(r) = -483*r**2 - 957*r. Calculate w(-2).
-18
Let i(a) = 5*a**3 + 62*a**2 + 13*a - 135. Give i(-12).
-3
Let v(w) = -59*w - 499. Give v(-9).
32
Let i(t) = -1068*t - 18161. Give i(-17).
-5
Let c(k) = -5*k**3 + 5*k**2 - 8*k - 6. Calculate c(3).
-120
Let a(r) = -4*r**2 + 59*r - 203. Determine a(7).
14
Let u(m) = 295*m + 5011. Determine u(-17).
-4
Let g(q) = 7*q**2 + 128*q + 168. Determine g(-17).
15
Let z(h) = 21*h - 459. Determine z(21).
-18
Let i(p) = p**2 - 30*p - 279. Give i(-12).
225
Let w(x) = 11*x**2 - 90*x - 25. Calculate w(8).
-41
Let d(w) = -w**3 + 10*w**2 - 18*w + 24. What is d(8)?
8
Let i(c) = -c**3 - 82*c**2 - 57*c - 11622. Give i(-83).
-2
Let q(b) = -171*b + 1727. What is q(10)?
17
Let i(c) = 10*c**3 + 4*c**2 + 4*c - 4. Give i(1).
14
Let u(g) = -119*g - 609. Determine u(-9).
462
Let h(v) = -1275*v - 10194. Give h(-8).
6
Let k(y) = -y**2 + 21*y + 97. Give k(23).
51
Let x(y) = 12*y**3 - 37*y**2 + 82*y - 243. Give x(3).
-6
Let y(c) = -c**3 + 13*c**2 - 39*c - 19. Calculate y(5).
-14
Let p(d) = 95*d + 1164. Give p(-9).
309
Let v(t) = -2*t**3 - 35*t**2 + 260*t + 3195. Calculate v(-20).
-5
Let t(z) = -z**3 + 3*z**2 + 61*z + 147. Calculate t(-3).
18
Let l(g) = 40*g + 185. Calculate l(-7).
-95
Let t(p) = 4*p + 100. Give t(-8).
68
Let p(i) = 3*i - 654. Give p(50).
-504
Let c(d) = -d**3 - 2*d**2 - 35*d - 112. What is c(-3)?
2
Let w(n) = 21*n**3 + 736*n**2 + 40*n + 172. Determine w(-35).
-3
Let a(m) = 2*m**3 - 33*m**2 + 47*m - 45. What is a(15)?
-15
Let q(s) = s**2 - 31*s + 137. Determine q(25).
-13
Let k(p) = -p**2 - 45*p + 637. Determine k(-46).
591
Let w(u) = u**3 + 13*u**2 + 26*u - 22. What is w(-7)?
90
Let q(t) = -4*t**2 - 13*t + 12. Give q(-5).
-23
Let o(y) = -630*y - 14. Give o(0).
-14
Let t(s) = -s**3 - 123*s**2 - 127*s - 600. Calculate t(-122).
10
Let o(r) = -r**3 + 3*r**2 + 18*r - 66. Give o(8).
-242
Let x(n) = -94*n - 3375. Give x(-36).
9
Let s(y) = y**2 - 4*y - 1031. What is s(-32)?
121
Let o(l) = -2*l**2 - 200*l + 5087. Determine o(-121).
5
Let s(p) = -1985*p - 1982. Determine s(-1).
3
Let a(r) = 24*r + 610. Determine a(-25).
10
Let u(g) = 18*g**2 + 12*g + 44. Determine u(-2).
92
Let h(a) = -506*a - 9216. Determine h(-18).
-108
Let m(u) = -u**3 + 46*u**2 + 253*u + 88. Calculate m(51).
-14
Let f(l) = 63*l**2 + 247*l + 2. Determine f(-4).
22
Let x(u) = u**2 + 53*u + 467. What is x(-12)?
-25
Let w(a) = 185*a**2 - 44*a + 44. Determine w(1).
185
Let k(c) = 38*c**2 - 227*c + 3. Calculate k(6).
9
Let y(i) = i**3 - 42*i**2 - 6*i + 158. Calculate y(-2).
-6
Let m(d) = d**3 + 16*d**2 + 70*d + 63. Give m(-9).
0
Let j(y) = y**2 - 87*y - 4642. What is j(-37)?
-54
Let c(a) = -a**3 + 45*a**2 - 8*a - 1549. What is c(44)?
35
Let h(b) = 2305*b - 9214. What is h(4)?
6
Let k(h) = 995*h - 3973. What is k(4)?
7
Let l(b) = -b**2 - 31*b - 130. Determine l(-20).
90
Let a(k) = -215*k + 18943. Determine a(88).
23
Let i(y) = -2*y**2 - 54*y - 275. Calculate i(-8).
29
Let u(p) = -p**3 + 62*p**2 + 812*p - 661. What is u(73)?
-4
Let t(f) = f**3 - 23*f**2 - 15*f + 12. Give t(24).
228
Let j(w) = -10*w**3 + 4*w**2 + 9*w - 18. Calculate j(-4).
650
Let w(l) = 4*l**2 + 112*l - 7. What is w(-21)?
-595
Let g(w) = 2*w**3 - 73*w**2 + 103*w + 47. Determine g(35).
-23
Let c(f) = 23*f**2 - 6*f - 3. Give c(-1).
26
Let r(d) = -128*d - 1411. Determine r(-11).
-3
Let y(b) = b**3 + 3*b**2 + 7*b + 72. Give y(-5).
-13
Let k(t) = -14*t**3 - 250*t**2 + 37*t + 67. What is k(-18)?
49
Let i(o) = o**2 + 60*o + 121. Determine i(-59).
62
Let i(b) = 76*b + 416. Calculate i(-4).
112
Let g(r) = 15*r - 597. Give g(39).
-12
Let i(s) = -829*s - 8292. Determine i(-10).
-2
Let k(m) = -10*m - 385. Determine k(-49).
105
Let t(g) = 189*g - 382. Determine t(2).
-4
Let u(f) = 145*f**2 - 544*f - 148. Give u(4).
-4
Let l(v) = -28*v**2 - 53*v - 29. Give l(-1).
-4
Let a(p) = 45*p - 493. What is a(11)?
2
Let o(q) = -q**3 - 8*q**2 + 54*q + 52. Determine o(-12).
-20
Let w(b) = 20*b**3 + 4*b**2 + 4*b - 4. What is w(1)?
24
Let q(n) = -94*n + 952. What is q(10)?
12
Let c(i) = 5*i**2 + 320*i - 4. Determine c(-64).
-4
Let z(n) = 200*n - 423. Determine z(2).
-23
Let s(m) = 28*m**2 - 19*m + 36. Give s(2).
110
Let p(m) = -2*m**2 + 131*m - 973. Give p(57).
-4
Let m(a) = 72*a + 716. Calculate m(-10).
-4
Let w(a) = a**3 + 15*a**2 + 16*a - 116. What is w(-13)?
14
Let z(u) 